llions digit of 59659258?
5
What is the ten millions digit of 543516984?
4
What is the ten thousands digit of 1182901054?
0
What is the tens digit of 37526398?
9
What is the ten thousands digit of 1713712585?
1
What is the millions digit of 4257980691?
7
What is the units digit of 60549000?
0
What is the units digit of 714508868?
8
What is the ten millions digit of 596454713?
9
What is the tens digit of 36208623?
2
What is the ten millions digit of 59032660?
5
What is the hundred millions digit of 5063109825?
0
What is the ten thousands digit of 798804149?
0
What is the ten thousands digit of 96246678?
4
What is the hundred millions digit of 739843279?
7
What is the ten thousands digit of 38675309?
7
What is the ten millions digit of 154442205?
5
What is the millions digit of 95129179?
5
What is the thousands digit of 345254688?
4
What is the hundred thousands digit of 94708386?
7
What is the hundred millions digit of 1363179940?
3
What is the millions digit of 70448452?
0
What is the ten thousands digit of 59093019?
9
What is the units digit of 759681482?
2
What is the tens digit of 4466455?
5
What is the hundred millions digit of 567729323?
5
What is the millions digit of 6554237581?
4
What is the ten millions digit of 78788017?
7
What is the hundreds digit of 1828325760?
7
What is the units digit of 7669858078?
8
What is the units digit of 251046377?
7
What is the hundred thousands digit of 87593981?
5
What is the ten millions digit of 57739975?
5
What is the ten thousands digit of 2430189212?
8
What is the units digit of 125403889?
9
What is the millions digit of 4568077617?
8
What is the hundred thousands digit of 2958250420?
2
What is the tens digit of 99309327?
2
What is the tens digit of 121972991?
9
What is the billions digit of 3857491488?
3
What is the millions digit of 88194886?
8
What is the tens digit of 3144043402?
0
What is the tens digit of 236498648?
4
What is the units digit of 899130471?
1
What is the units digit of 2411852085?
5
What is the tens digit of 13448763?
6
What is the ten millions digit of 63563027?
6
What is the ten thousands digit of 346334027?
3
What is the ten millions digit of 64875306?
6
What is the ten thousands digit of 46189132?
8
What is the ten thousands digit of 1422721835?
2
What is the hundreds digit of 94581799?
7
What is the ten thousands digit of 346639210?
3
What is the ten millions digit of 1670253311?
7
What is the hundreds digit of 113189749?
7
What is the units digit of 261679853?
3
What is the hundreds digit of 83134809?
8
What is the ten thousands digit of 33692489?
9
What is the hundreds digit of 91857290?
2
What is the hundred thousands digit of 513304668?
3
What is the millions digit of 5831718973?
1
What is the hundred millions digit of 3988540002?
9
What is the millions digit of 130394734?
0
What is the hundred millions digit of 4105234681?
1
What is the ten millions digit of 58552351?
5
What is the hundred thousands digit of 1640564840?
5
What is the millions digit of 1577236496?
7
What is the hundred millions digit of 215422850?
2
What is the units digit of 910210599?
9
What is the hundreds digit of 371598172?
1
What is the hundreds digit of 15983785?
7
What is the ten thousands digit of 32050630?
5
What is the units digit of 1627381589?
9
What is the hundreds digit of 57235760?
7
What is the hundred thousands digit of 1121683067?
6
What is the tens digit of 41899971?
7
What is the hundred thousands digit of 176074768?
0
What is the ten millions digit of 217453816?
1
What is the thousands digit of 1993721587?
1
What is the thousands digit of 23192238?
2
What is the ten thousands digit of 49895710?
9
What is the millions digit of 2034955574?
4
What is the millions digit of 94744203?
4
What is the thousands digit of 40966291?
6
What is the hundreds digit of 3262552398?
3
What is the hundreds digit of 234359924?
9
What is the hundreds digit of 3895390169?
1
What is the hundred thousands digit of 13871325?
8
What is the thousands digit of 414823689?
3
What is the millions digit of 20053457?
0
What is the tens digit of 24752969?
6
What is the millions digit of 1966385300?
6
What is the hundred thousands digit of 2490672550?
6
What is the tens digit of 210941681?
8
What is the hundred thousands digit of 1044880371?
8
What is the ten millions digit of 4018236382?
1
What is the hundred thousands digit of 35296675?
2
What is the hundreds digit of 948494192?
1
What is the hundred thousands digit of 231045525?
0
What is the ten thousands digit of 56023955?
2
What is the hundreds digit of 800560702?
7
What is the tens digit of 93713383?
8
What is the millions digit of 625043265?
5
What is the hundred millions digit of 2613740205?
6
What is the thousands digit of 15080064?
0
What is the ten millions digit of 2207453741?
0
What is the millions digit of 2160555696?
0
What is the ten thousands digit of 357626730?
2
What is the millions digit of 298015730?
8
What is the hundreds digit of 282354853?
8
What is the millions digit of 642250230?
2
What is the hundred thousands digit of 4822388178?
3
What is the ten millions digit of 840885687?
4
What is the hundred thousands digit of 81709549?
7
What is the thousands digit of 3154254929?
4
What is the hundred millions digit of 271344826?
2
What is the units digit of 29761925?
5
What is the thousands digit of 623427240?
7
What is the hundred millions digit of 608633097?
6
What is the thousands digit of 67625496?
5
What is the units digit of 17372458?
8
What is the hundreds digit of 2939426?
4
What is the ten thousands digit of 1164773877?
7
What is the billions digit of 2842112326?
2
What is the millions digit of 5516603141?
6
What is the ten thousands digit of 982581484?
8
What is the ten thousands digit of 4704383330?
8
What is the hundred thousands digit of 126330556?
3
What is the hundred millions digit of 524353826?
5
What is the tens digit of 302759442?
4
What is the millions digit of 33088565?
3
What is the hundred millions digit of 4626393775?
6
What is the hundred millions digit of 107111873?
1
What is the ten millions digit of 1036188847?
3
What is the hundred millions digit of 1934716520?
9
What is the tens digit of 835129997?
9
What is the millions digit of 29397470?
9
What is the hundred millions digit of 3019225734?
0
What is the ten thousands digit of 65059427?
5
What is the ten thousands digit of 1333210172?
1
What is the tens digit of 80036867?
6
What is the ten millions digit of 106513157?
0
What is the billions digit of 7961409998?
7
What is the ten thousands digit of 972439079?
3
What is the hundred thousands digit of 957643897?
6
What is the thousands digit of 90297811?
7
What is the hundred thousands digit of 185669792?
6
What is the units digit of 230669012?
2
What is the tens digit of 767551503?
0
What is the hundred thousands digit of 362045678?
0
What is the millions digit of 169651502?
9
What is the millions digit of 383209136?
3
What is the thousands digit of 3883522005?
2
What is the hundreds digit of 1011131029?
0
What is the millions digit of 75166833?
5
What is the tens digit of 6624048287?
8
What is the thousands digit of 129896252?
6
What is the hundred millions digit of 932969175?
9
What is the tens digit of 40729228?
2
What is the hundred millions digit of 679041162?
6
What is the units digit of 594260694?
4
What is the thousands digit of 768582667?
2
What is the hundreds digit of 1377251895?
8
What is the hundreds digit of 114301820?
8
What is the millions digit of 93100085?
3
What is the hundred thousands digit of 350501490?
5
What is the hundred thousands digit of 4745541846?
5
What is the ten millions digit of 434664132?
3
What is the ten thousands digit of 989158854?
5
What is the hundreds digit of 115232098?
0
What is the hundred millions digit of 4467281268?
4
What is the tens digit of 34608549?
4
What is the tens digit of 351961417?
1
What is the units digit of 1260847280?
0
What is the units digit of 15747023?
3
What is the units digit of 94540417?
7
What is the millions digit of 128118564?
8
What is the hundred millions digit of 352997844?
3
What is the hundred thousands digit of 515567029?
5
What is the units digit of 34494324?
4
What is the ten millions digit of 18747557?
1
What is the hundred thousands